 (5/(-10))/(z/3148)?
7
Suppose -531*s - 420 = -545*s. Suppose -s*l + 14740 = -20*l. What is the tens digit of l?
7
Suppose 209422 + 98256 - 31064 = 26*j. What is the units digit of j?
9
Suppose 0 = -b + 5, -12 = -4*v - 4*b - 0. Let c be (-18)/45 + v/(-5). Suppose -j + 7*h - 2*h = -51, 5*j - 4*h - 150 = c. What is the units digit of j?
6
Suppose 2*z - 2*k + 156 = 0, 0 = -2*z - 2*k - 90 - 54. Let h = 69 + z. What is the hundreds digit of (-2 - 1)/(h/308)?
1
Suppose 5*i + 3*o - 153305 = -0*i, 30661 = i - o. What is the tens digit of i?
6
Suppose p + 3*z = 5*z - 1310, -p - 1298 = 2*z. Let k = -693 - p. What is the units digit of k?
1
Suppose 122844 = 2*u + 2*m, -9 - 1 = -2*m. What is the units digit of u?
7
Let k(o) be the second derivative of 7*o**4/12 + 7*o**3/2 - 23*o**2/2 - 98*o. What is the tens digit of k(7)?
6
Let q(s) = 2*s**3 + 2*s**2 - 5*s + 3. Let d be (1/(-2))/(8/(-16)). Let m be 3 + (d - 1) - (0 + -1). What is the units digit of q(m)?
3
Let g(q) = q**2 - 19*q + 47. Let o be g(17). Let t(y) = y**2 + 10*y - 85. What is the units digit of t(o)?
4
Let y(s) = 2*s + 55. Let n be y(-31). Let v(w) = 12*w**2 - 17*w - 14. What is the tens digit of v(n)?
9
Let l(c) = -c**3 - 6*c**2 + 20*c + 4. Let x be l(-8). Let k be 2/(-2) + 95 - -3. Let n = k + x. What is the tens digit of n?
6
Let y be 0/(1 + (-10)/(-5))*-1. Let m = 348 - y. What is the units digit of m?
8
Suppose -5*g + 4*x = -g - 1168, 0 = -2*g + 4*x + 574. Suppose v = -3*k + 87, 4*v - 4*k - k - g = 0. What is the tens digit of 3231/39 + 12/v?
8
Let p(k) = -k**3 - 27*k**2 - 46*k - 421. What is the thousands digit of p(-29)?
2
Let r = 299 + 4536. What is the hundreds digit of r?
8
Suppose -4*o = -3*a + 6, -3*a - 4*o - o + 33 = 0. Suppose -5*v = -n + 805, 3296 = a*n - 2*n - v. What is the hundreds digit of n?
8
Let q(g) = -2*g + 18. Suppose 4*c + 5*p - 49 = c, 0 = 4*c + 2*p - 42. Let b be q(c). Let u = 1 + b. What is the units digit of u?
3
Suppose h - 6*h = p - 130, -85 = -3*h - 2*p. Suppose h*d = 21*d - 16. What is the units digit of (-419)/d - (18/(-8) - -2)?
5
Let g be ((-46)/4 - 1) + (-24)/48. Let k = -10 - g. Suppose 0 = 2*w - 10, k*o + o + w = 177. What is the tens digit of o?
4
Let c be (-3)/(-4)*(16 + 4). Suppose c*y + 247 = 1747. What is the units digit of y?
0
Let p = 14525 + -8707. What is the units digit of p?
8
Let p(r) = -r**3 + 14*r**2 + 18*r - 6. Let m be ((-8)/(-10))/(-2*3/(-120)). Let z = -1 + m. What is the tens digit of p(z)?
3
Suppose -99441 - 18663 = -4*y - 15*y. What is the hundreds digit of y?
2
Suppose 5*k + 445 = 5*s, -2*s - 5*k + 383 = 2*s. Suppose -108 = -8*m + s. What is the tens digit of m?
2
Let q(d) = -d**2 + 3*d - 2. Let j be q(4). Let o be 4/28 - ((-7245)/49 + 3). Let h = o + j. What is the tens digit of h?
3
Suppose 24*n = 19*n + 45. Suppose v = -11*u + n*u + 1021, 4*u + 5*v = 2057. What is the hundreds digit of u?
5
Let g be ((-3)/2)/(12/(-8))*113. Let b = 116 - g. What is the units digit of 1*-2 + 795/b?
3
Suppose 6*z = -5*z + 33. Suppose 313 = 3*j - 2*j - z*o, 2*j + o = 640. What is the hundreds digit of j?
3
Let u(f) = -30*f**3 - f**2 + 10*f + 24. Let r be u(-2). Let v = 759 - r. What is the tens digit of v?
1
Let t = 16 - 17. Let n be 0/t + 4 + (2 - 3). Suppose -3*v - 2*v + 5*u + 480 = 0, n*u = 15. What is the hundreds digit of v?
1
Suppose 0 = -3038*j + 3054*j - 406976. What is the units digit of j?
6
Let b = 161 + -275. Let f = 123 + b. Suppose -7*d = -f*d + 114. What is the tens digit of d?
5
Suppose -10*g - 10 + 30 = 0. Suppose -g*m - 25 = 3*m. What is the tens digit of (m - (-4 - -1) - -52)/2?
2
Let z = -157 + 668. Let n = -246 + z. What is the hundreds digit of n?
2
Suppose -16*f + 19613 = 1405. Suppose -3*z - c = -f, -c = -2*z + 2*c + 777. What is the tens digit of z?
8
Let z(v) = -2*v - 7. Let r be z(-4). Suppose 2*a - 4*m - 2 = 0, 3*m = a - 4 - 2. What is the units digit of (-10 - a) + 158 + r?
8
Suppose -4*f + 4*z = -284, -12 = 3*f + 4*z - 246. Let x = -70 + f. Suppose 290 = -3*j + 5*j + x*p, 2*j - 292 = -5*p. What is the hundreds digit of j?
1
Let c be 6*(-4)/(-156) + 126/26. Suppose c*l - 5 = 0, 3*l - l = -5*v + 8082. What is the tens digit of v?
1
Suppose -k = 5*b - 28005 - 63362, 2*b - 36509 = 5*k. What is the units digit of b?
2
Suppose 11817*j - 11818*j + 2220 = 0. What is the hundreds digit of j?
2
Suppose 6*z - 3232 = -10*z. Suppose -10*b = -8*b - z. What is the hundreds digit of b?
1
What is the tens digit of ((-217)/1519)/(2/(-21)*3)*52604?
0
Let c(l) = -2*l**3 - 8*l**2 - 8*l + 1. Suppose 5*b - 10*b = -15. Suppose b*r + 0*r + 15 = 0. What is the units digit of c(r)?
1
What is the hundreds digit of 108/(-36) - (-3941 - 0/(-1))?
9
Suppose 4 = -4*d + 20. Suppose 3*k - 967 = -y, d*k + 2*y = -799 + 2085. Suppose 31*z + k = 34*z. What is the units digit of z?
8
Let u(i) = -23*i - 14*i - 46 + 38*i - i**3 - 21*i + 21*i**2. What is the hundreds digit of u(15)?
0
Let a = 16 + -13. Suppose b = -6 - a. What is the tens digit of -188*((-54)/(-8))/b?
4
Let h(o) = 4*o**3 + 9*o**2 - 8*o + 6. Let q = -47 + 52. What is the units digit of h(q)?
1
Let g = -448 + 447. What is the units digit of (1 - 2)/(g/(-2)) - -658?
6
Suppose -l + 3*s - 1 = 2, 4 = 4*l - 4*s. Suppose -l*x - 1497 = -3*q, 5*q = 5*x - 4*x + 2495. What is the hundreds digit of q?
4
Let c be (-4)/(-2)*(23 - 21). Suppose 20 = -4*z, 2*g - z = -c*z + 291. What is the tens digit of g?
5
Suppose -p = -w, -w + 0*p = -4*p + 6. Let r(j) = -2*j**2 - 4*j + 22. Let v be r(-6). What is the tens digit of 526/10 + w - v/65?
5
Suppose -2*h + 2338 = 4*z, -12*z = -8*z - 5*h - 2345. Let x = -305 + z. What is the hundreds digit of x?
2
Suppose 0 = -q - 3*w + 7388, q = -5*q + 4*w + 44438. What is the thousands digit of q?
7
Let w be (-40 - -40)/((-4)/(-2)). Suppose -359 = -3*r + 2*p, -2*r - 2*p - 3*p + 271 = w. What is the units digit of r?
3
Let w(n) = n**2 + 16*n - 101. Let g be w(5). Suppose -3*u = 5*a - 4*a - 74, 304 = 4*a + g*u. What is the tens digit of a?
7
Suppose 4*b + 3*j - 5607 - 17546 = 0, -2*j = 3*b - 17364. What is the hundreds digit of b?
7
Suppose -48 = 3*z + d - 7, 5*d = 3*z + 11. What is the hundreds digit of (-2984)/(-6)*(-18)/z?
7
Let p(z) = 15*z + 2. Let g be p(0). Suppose -25*j - 1347 = -y - 23*j, 4081 = 3*y + g*j. What is the hundreds digit of y?
3
Let l = 26 + -17. Let z(v) = v**3 - 9*v**2 + v - 5. Let j be z(l). Suppose j*k - 132 = -4*g, 3*k + 2 = 2*g + 91. What is the units digit of k?
1
Let h(q) = -102*q**2 + 2917*q + 18. What is the tens digit of h(23)?
5
Suppose 4*n = 9*n - 30. Let a be (895/20)/(n/8 + -1). What is the units digit of 7/((-14)/(-8)) - a?
3
Let p(k) = 2*k**2 - 2*k - 15. Suppose -5*b + b = -3*w + 47, -10 = -2*w. Let x be p(b). Suppose -5*g + x + 16 = 0. What is the units digit of g?
9
Let h(s) = -4551*s + 4555*s + 30*s**2 - 10 - 5. What is the hundreds digit of h(-4)?
4
Suppose 3*t = -2*s - 0*s - 99, -5*s - t = 280. Let c = 61 + s. Suppose 24 = d - 0*j - 4*j, 3*j + 122 = c*d. What is the tens digit of d?
3
Let j(f) = 7*f**2 - 34*f + 796. Let i(k) = 20*k**2 - 100*k + 2390. Let a(n) = 6*i(n) - 17*j(n). What is the units digit of a(0)?
8
Let o(t) = -t**3 - t**2 + t + 5. Let m(p) = 10*p - 59. Let b be m(7). Suppose -v - 9 = 2*g - 6*g, 2*v - g = -b. What is the units digit of o(v)?
0
What is the tens digit of 23115 + -6*(2 + 4 + -5) + 8?
1
Let z = 52 + -60. Let t(d) = -28*d - 66. What is the units digit of t(z)?
8
Let d(r) = -2*r + 5*r**2 - 104 + 99 + 7*r. Let a be d(-8). Suppose -m = -3*s + 825, 3*m = -s - 0*m + a. What is the tens digit of s?
7
Let c(x) = 2*x**2 + 18*x + 4. Let n(k) = 3*k**2 + 37*k + 9. Let t(v) = -5*c(v) + 3*n(v). Let b be t(-9). Let d = 472 + b. What is the tens digit of d?
0
Let u(b) = -355*b + 4487. What is the ten thousands digit of u(-139)?
5
Suppose -2*u + 16 = 2*u. Suppose 2*t + 2*f - 11 = t, -16 = -u*f. Suppose 8*i + 25 = t*i, 820 = 5*w + 2*i. What is the units digit of w?
6
Let s = -137 + 88. Let y = s - -51. Suppose -y*f - 25 = -151. What is the tens digit of f?
6
What is the tens digit of ((-104370)/(-85) - -1) + -1*10/(-85)?
2
Suppose 4378 + 6263 = 3*l. Suppose -5*n + 3*n + l = 3*k, 4*k + 3*n - 4728 = 0. What is the units digit of k?
5
Let t(r) = 2*r**3 + 5*r**2 - 13*r + 6. Suppose 0 = -5*z + 5*d, 4*d = 18*z - 23*z + 45. What is the h